. Suppose -5*u = 2*b + 2*b - 51, 4*u = 4*b + j. Calculate the remainder when 30 is divided by u.
8
Suppose -5*j + 3 = k - 2, -2*j = 0. Suppose 0*t + k*t = 20. Calculate the remainder when 10 is divided by t.
2
Let y be (-298)/(-14) - (-2)/(-7). Suppose -y = 6*b - 9*b. What is the remainder when 25 is divided by b?
4
Suppose 3 = -2*u + 7. What is the remainder when 12 is divided by u?
0
Let n = 43 - 34. Let j(d) = -d**3 + 7*d**2 - 4*d - 6. What is the remainder when n is divided by j(6)?
3
Let q = 17 + -8. Let f = 49 - 13. Suppose f = 2*x + 2. What is the remainder when x is divided by q?
8
Suppose -y - 14 = -4*p, 6 = 2*p - 2. Suppose 8 = 4*n + 2*h, -n + y = 2*h - 0. What is the remainder when n/3 + 152/6 is divided by 9?
8
Let o = -19 + 45. What is the remainder when o is divided by 16?
10
Let f(o) = -9*o**3 + 2*o + 1. Let g(x) = -x**3 + x - 1. Let v be 0/((-3)/3 + -1). Let w be g(v). Calculate the remainder when 23 is divided by f(w).
7
Let r(f) = -f**3 + 8*f**2 + 11*f - 13. Let j be r(9). Suppose 3*v = 2*l - 30, 2*v = j*l - v - 84. What is the remainder when l is divided by 10?
8
Let h(c) = -2 + 7 + 4 - 4 + c. Let y be h(-5). Suppose y = z - 4 - 7. Calculate the remainder when 21 is divided by z.
10
Let z(v) = v**3 - 2*v**2 + 2*v + 3. Let n(o) be the first derivative of -o**4/4 + o**3/3 - 2*o + 1. Calculate the remainder when n(-3) is divided by z(3).
16
Let l be 9/(-6)*(0 - 4). Suppose -7*h + 2*h + c + 215 = 0, -4*h + 193 = -5*c. What is the remainder when h is divided by l + 3 + (1 - -1)?
9
Let d be 0 + 7 + (0 - 1). Let q be (-3)/d - 21/(-2). Suppose 3*n = 2*i + q, -5*n + 19 = -4*i + 3*i. Calculate the remainder when n is divided by 3.
1
Let a = 11 - 11. Suppose a*j = -5*g + 3*j + 111, -g - 5*j + 11 = 0. What is the remainder when 40 is divided by g?
19
What is the remainder when 1/9 + 7505/171 is divided by 9?
8
Suppose 0 = 5*r - 15, 2*p - 16 = -3*p - 2*r. Calculate the remainder when 2 is divided by p.
0
Let a(j) = 2*j**2 + j - 4. Let o = 1 + 3. Calculate the remainder when a(o) is divided by (-2)/9 + 202/18.
10
Let w = 9 - 9. Suppose -5*b - 4*j = -225, 4*b + w*j + 4*j = 184. Suppose t = -l + 11, l = 4*t + 2*l - b. Calculate the remainder when t is divided by 6.
4
Let i = 159 - 111. Let c = i - 31. What is the remainder when 67 is divided by c?
16
Let n(v) = -35*v**3 - 2*v**2 - 2*v - 1. Let x be n(-1). Suppose 0*q - x = -2*q. Suppose 2*w - q = 27. What is the remainder when w is divided by 8?
6
Let v(j) = -2*j + 6. Suppose 0 = 6*x - x. Suppose x*z = -z + 35. What is the remainder when z is divided by v(-3)?
11
Let w(p) = -p + 2. What is the remainder when 7 is divided by w(-2)?
3
Let f = -10 - -15. Calculate the remainder when (-2)/1 - (-37 - f) is divided by 21.
19
Let o be (-11)/66 + 25/6. Suppose a - 57 = -o. What is the remainder when a is divided by 14?
11
Let m = -26 - -32. What is the remainder when 9 is divided by m?
3
Let l(b) = b + 3. Let o(n) = n**3 - 8*n**2 + 9*n - 7. Let v be o(7). Calculate the remainder when l(v) is divided by 4.
2
Suppose -10 - 5 = -k + 3*b, -5*k + 107 = b. Suppose 0 = -2*w + 2*f + 20, 3*w - 5*f + k = 61. What is the remainder when w is divided by 3?
2
Let k(b) = 19*b + 1. Let g be k(1). Let i = 38 + g. Suppose -f = -3*f + i. Calculate the remainder when f is divided by 10.
9
Suppose -23 - 5 = -2*v. Suppose -173 = -3*p - v. Calculate the remainder when p is divided by 18.
17
Let n = -60 - -78. What is the remainder when 2/(-2 + 1) + 55 is divided by n?
17
Let s be 12/(-4)*2/6. What is the remainder when ((-3)/(-9))/(s/(-141)) is divided by (-154)/(-10) + 6/10?
15
Let s(n) = -10*n - 1. Let h(b) = -9*b - 1. Let c(z) = 4*h(z) - 3*s(z). What is the remainder when c(-1) is divided by 3?
2
Suppose 2 = 2*x + 4*s, x + 4*s = -0*x + 5. Calculate the remainder when (0 - 20)*-2 - x is divided by 11.
10
Let y = 3 - 3. Suppose q - 1 - 5 = y. Suppose -4*u + q*u = 8. Calculate the remainder when u is divided by 2.
0
Let d = 6 - 6. Suppose m + 2*v + 10 = d, 2*m + 23 + 7 = v. What is the remainder when 61 is divided by m*(1 + (-10)/4)?
19
Let d(i) = -i**2 + 4*i. Let w(h) = -h - 2. Let n be w(-4). Let y = 14 - 8. Calculate the remainder when y is divided by d(n).
2
Let r = 3 - -55. Let o be (-3 + 2)*(-1 - -1). Suppose 5*l - 4*h + 7*h - 112 = o, 64 = 3*l + h. What is the remainder when r is divided by l?
18
What is the remainder when -52*(69/(-12) - -5) is divided by 11?
6
Let x = 21 - 1. Suppose -55 + x = -m - 5*w, 0 = -m + 5*w - 15. What is the remainder when 18 is divided by m?
8
Let n = 59 + -36. Calculate the remainder when 90 is divided by n.
21
Let i be -2 + 5/(15/(-12)). Calculate the remainder when (-32)/6*i/1 is divided by 17.
15
Suppose 10 = 5*h - 275. What is the remainder when h is divided by 20?
17
Let f(q) = 6*q**3 - q**2 - 2*q - 1. Let i = -3 - -2. Let v be f(i). Let h = 24 + v. What is the remainder when h is divided by 10?
8
Let n = 20 + 4. Suppose 0 = 4*i - 3*i - 47. Calculate the remainder when i is divided by n.
23
Suppose 3*l - l - 18 = 0. What is the remainder when 24 is divided by l?
6
Let t = -2 + 28. What is the remainder when t is divided by 10?
6
Let b = -6 + 18. What is the remainder when (-8)/(-10) + 830/25 is divided by b?
10
Let g(f) = -f + 2. Let x(c) = -c**2 + 3*c + 6. Let d be x(5). Let o = d + 2. What is the remainder when 15 is divided by g(o)?
3
Let q(i) = i**3 - 6*i**2 + 5*i + 2. Suppose 4*x + 24 = 3*d, 4*d + 14 = 5*x + 43. What is the remainder when (3/x + 1)*3 is divided by q(5)?
0
Let t(n) = -5*n + 2. Let i(h) = -4*h + 2. Let j(l) = 4*i(l) - 5*t(l). What is the remainder when j(9) is divided by 20?
19
Let n be -2 + 4 + (-4 - -1). Let a be (1 + -1)/(1 - n). Suppose a = -3*m - 3, -m = -5*c - 5*m + 126. Calculate the remainder when c is divided by 14.
12
Let p be ((-1)/(-3))/(5/150). Suppose 3*k = -5*i + 17, -5*k + p + 1 = 4*i. Calculate the remainder when i is divided by 3.
1
Calculate the remainder when (-6)/3 + (-1 - -34) is divided by -11*(12/4 + -4).
9
Suppose 2*x - u - 17 = -0*u, 0 = -4*x + 5*u + 49. Let j be -2*29*(-3)/x. Suppose -4*d + j + 123 = 0. Calculate the remainder when d is divided by 13.
12
Suppose 29 = -2*x + 3*x. Suppose -2*o - 3*u + 10 = 0, o + 2*u - 2 = -u. What is the remainder when x is divided by o?
5
Suppose 5*j = -2*s + 99, s = -2*j - 0*s + 40. Suppose -3*c + 4*b + 122 = -9, 5*b + 136 = 3*c. What is the remainder when c is divided by j?
18
Let u(p) = -p**3 - 5*p**2 + 6*p + 9. Suppose f + 12 = 5*f. Calculate the remainder when u(-6) is divided by f.
0
Suppose 0 = -4*g + 3*g - 3*a + 36, 0 = 5*a. What is the remainder when (-1)/2*-1*564/2 is divided by g?
33
Suppose -2*v = -4*v + 6. Suppose 5*h - f + 121 - 12 = 0, h + 25 = -v*f. Let x = h + 75. Calculate the remainder when x is divided by 14.
11
Let m(u) = -u + 0 + 2 - 4*u + u**2. Let z be m(5). Suppose -81 = -5*s - 3*p + 25, -5*s + z*p = -121. What is the remainder when s is divided by 8?
7
Let b be 3*((-345)/9 - 0). Let d = -68 - b. What is the remainder when d is divided by 16?
15
Let c be 184/10*40/8. Suppose c = 2*u + 2. What is the remainder when u is divided by 12?
9
Let m(p) = -3*p**2 + 6*p + 7 + 4*p**2 - 2. Calculate the remainder when 64/5 + (-7)/(-35) is divided by m(-6).
3
Let s = -6 - -5. Calculate the remainder when (-2)/s - (-8)/2 is divided by 3.
0
Let h be (2 - 16)/1*-2. Suppose -5*f + h - 8 = 0. Let z = -37 - -43. What is the remainder when z is divided by f?
2
Let o be (15/(-4))/(2/(-8)). Let z = 0 - 0. Suppose z*f - f = -o. Calculate the remainder when 29 is divided by f.
14
Let i = 5 + -38. Let k = i + 78. Calculate the remainder when k is divided by 23.
22
Suppose -6*w = -5*w - 7. What is the remainder when 11 is divided by w?
4
Let z(n) = -n**2 + n + 4. Let g be z(0). Suppose 0 = -2*f + 14 + g. Let x = 7 + f. Calculate the remainder when x is divided by 6.
4
Let d = 13 - 20. Let l = d - -10. Calculate the remainder when 2/(-6)*(3 - 24) is divided by l.
1
Suppose 5*q + 15 = 0, -n + 0*q - 2*q = -57. Calculate the remainder when n is divided by 13.
11
Let m be ((-28)/(-10))/((-3)/(-75)). Suppose -3*z = 2*z - m. Let i = 134 + -94. Calculate the remainder when i is divided by z.
12
Suppose -3*l = -5*o + 36, -3*o + 2 = -2*l - 23. Let y = l - -25. Calculate the remainder when 31 is divided by 